ide 8510?
False
Is 524 a multiple of 18?
False
Is 130 a multiple of 10?
True
Does 139 divide 3203?
False
Does 48 divide 1296?
True
Is 48 a factor of 3837?
False
Is 16443 a multiple of 81?
True
Is 30 a factor of 29747?
False
Does 18 divide 10567?
False
Is 27 a factor of 52?
False
Does 170 divide 15429?
False
Does 9 divide 1571?
False
Is 6 a factor of 3505?
False
Does 61 divide 1708?
True
Does 12 divide 3888?
True
Does 14 divide 22526?
True
Is 50340 a multiple of 12?
True
Is 455 a multiple of 13?
True
Is 62 a factor of 5394?
True
Does 8 divide 1121?
False
Is 29 a factor of 3370?
False
Is 42 a factor of 1008?
True
Is 155 a multiple of 15?
False
Is 1178 a multiple of 31?
True
Does 15 divide 2640?
True
Is 86943 a multiple of 219?
True
Does 17 divide 11633?
False
Is 53630 a multiple of 31?
True
Is 13349 a multiple of 23?
False
Is 91 a factor of 273?
True
Is 3262 a multiple of 14?
True
Does 11 divide 1892?
True
Is 18 a factor of 7252?
False
Does 7 divide 322?
True
Does 62 divide 3200?
False
Does 29 divide 328?
False
Does 3 divide 3629?
False
Is 946 a multiple of 86?
True
Is 15 a factor of 4665?
True
Is 20 a factor of 10807?
False
Is 123 a multiple of 100?
False
Is 39 a factor of 2236?
False
Does 5 divide 7137?
False
Is 1127 a multiple of 17?
False
Does 4 divide 916?
True
Is 77 a factor of 443?
False
Does 108 divide 532?
False
Is 19428 a multiple of 7?
False
Does 5 divide 11362?
False
Does 250 divide 55500?
True
Does 3 divide 230?
False
Is 80804 a multiple of 14?
False
Is 84 a multiple of 12?
True
Is 32 a factor of 320?
True
Is 15 a factor of 3125?
False
Is 6118 a multiple of 6?
False
Is 17 a factor of 64872?
True
Does 51 divide 408?
True
Is 8032 a multiple of 41?
False
Does 6 divide 539?
False
Is 10055 a multiple of 18?
False
Does 100 divide 22800?
True
Does 35 divide 6924?
False
Is 3213 a multiple of 51?
True
Is 13993 a multiple of 65?
False
Is 281 a multiple of 25?
False
Is 582 a multiple of 13?
False
Is 8 a factor of 23354?
False
Does 10 divide 2840?
True
Is 13 a factor of 77791?
False
Is 94525 a multiple of 19?
True
Is 35 a factor of 14138?
False
Is 10902 a multiple of 23?
True
Is 8 a factor of 26708?
False
Does 12 divide 2688?
True
Does 53 divide 106?
True
Is 5658 a multiple of 69?
True
Does 12 divide 5517?
False
Is 592 a multiple of 37?
True
Is 81 a factor of 6567?
False
Does 62 divide 930?
True
Does 20 divide 11940?
True
Does 6 divide 216?
True
Is 32 a factor of 532?
False
Is 13 a factor of 1208?
False
Is 943 a multiple of 23?
True
Is 29 a factor of 2552?
True
Is 272 a multiple of 8?
True
Is 10225 a multiple of 115?
False
Is 7 a factor of 29309?
True
Is 121 a factor of 9613?
False
Is 42 a factor of 714?
True
Is 14000 a multiple of 80?
True
Does 15 divide 8722?
False
Does 72 divide 3756?
False
Is 1346 a multiple of 3?
False
Is 19 a factor of 482?
False
Is 30 a factor of 1020?
True
Is 4071 a multiple of 61?
False
Is 31 a factor of 36049?
False
Is 12 a factor of 6048?
True
Does 5 divide 2805?
True
Is 74 a factor of 12950?
True
Is 8 a factor of 781?
False
Is 1665 a multiple of 9?
True
Does 49 divide 98?
True
Does 99 divide 1545?
False
Is 58 a factor of 6912?
False
Is 15 a factor of 16283?
False
Is 13530 a multiple of 165?
True
Is 9391 a multiple of 11?
False
Is 9 a factor of 10962?
True
Is 10 a factor of 17009?
False
Is 19 a factor of 29678?
True
Is 37 a factor of 370?
True
Is 74 a factor of 10804?
True
Is 10 a factor of 2550?
True
Is 17469 a multiple of 12?
False
Is 21 a factor of 442?
False
Does 18 divide 18093?
False
Is 57 a factor of 85671?
True
Does 42 divide 3150?
True
Is 3195 a multiple of 9?
True
Is 24999 a multiple of 13?
True
Is 17280 a multiple of 96?
True
Is 128 a factor of 56793?
False
Is 16 a factor of 824?
False
Is 69 a factor of 52578?
True
Is 3849 a multiple of 43?
False
Is 15 a factor of 14145?
True
Does 24 divide 61632?
True
Is 7 a factor of 140?
True
Is 24912 a multiple of 35?
False
Is 3 a factor of 1816?
False
Is 2740 a multiple of 28?
False
Is 5424 a multiple of 16?
True
Is 1980 a multiple of 55?
True
Does 120 divide 1560?
True
Does 16 divide 4208?
True
Is 28 a factor of 56?
True
Does 48 divide 6864?
True
Is 63 a factor of 53613?
True
Is 35 a factor of 17820?
False
Is 349 a multiple of 2?
False
Is 5 a factor of 32?
False
Does 13 divide 3315?
True
Does 4 divide 20?
True
Is 2295 a multiple of 28?
False
Is 8 a factor of 2159?
False
Is 65180 a multiple of 91?
False
Does 21 divide 567?
True
Is 272 a multiple of 6?
False
Does 16 divide 928?
True
Is 4018 a multiple of 14?
True
Does 19 divide 798?
True
Is 16 a factor of 960?
True
Does 76 divide 6447?
False
Is 3 a factor of 5883?
True
Does 3 divide 4181?
False
Is 14036 a multiple of 29?
True
Is 32 a factor of 1888?
True
Does 35 divide 7035?
True
Is 27 a factor of 534?
False
Is 37 a factor of 6478?
False
Is 2844 a multiple of 79?
True
Does 153 divide 1102?
False
Does 21 divide 189?
True
Does 4 divide 272?
True
Does 39 divide 6747?
True
Is 2665 a multiple of 13?
True
Is 2192 a multiple of 16?
True
Is 6 a factor of 74?
False
Is 72 a factor of 14670?
False
Is 109 a factor of 29757?
True
Is 60366 a multiple of 258?
False
Does 3 divide 110?
False
Does 12 divide 875?
False
Is 40414 a multiple of 121?
True
Is 158 a factor of 2061?
False
Is 3944 a multiple of 20?
False
Is 170 a multiple of 10?
True
Is 2 a factor of 13894?
True
Is 15 a factor of 2469?
False
Is 11 a factor of 1532?
False
Is 24 a factor of 1560?
True
Is 2 a factor of 1172?
True
Does 9 divide 90?
True
Is 24 a factor of 33417?
False
Does 9 divide 44460?
True
Is 24 a factor of 408?
True
Is 8 a factor of 13976?
True
Is 1261 a multiple of 13?
True
Does 5 divide 242?
False
Is 2 a factor of 82?
True
Is 1351 a multiple of 2?
False
Does 46 divide 3450?
True
Is 239 a factor of 16885?
False
Is 1100 a multiple of 20?
True
Does 98 divide 725?
False
Does 61 divide 440?
False
Does 63 divide 5544?
True
Does 4 divide 8?
True
Does 18 divide 8008?
False
Is 42 a factor of 3696?
True
Is 4860 a multiple of 60?
True
Is 4788 a multiple of 4?
True
Is 13286 a multiple of 28?
False
Is 30 a factor of 19670?
False
Is 16 a factor of 1888?
True
Does 8 divide 4304?
True
Is 13 a factor of 266?
False
Does 25 divide 9974?
False
Is 7 a factor of 1895?
False
Is 4451 a multiple of 43?
False
Is 640 a multiple of 10?
True
Does 7 divide 865?
False
Is 38 a factor of 155?
False
Does 5 divide 450?
True
Is 1828 a multiple of 24?
False
Is 49 a factor of 11147?
False
Is 56 a factor of 4910?
False
Is 18910 a multiple of 225?
False
Is 5 a factor of 585?
True
Is 27 a factor of 792?
False
Is 256 a multiple of 4?
True
Is 58006 a multiple of 26?
True
Does 22 divide 15695?
False
Does 30 divide 52080?
True
Does 87 divide 1106?
False
Is 52182 a multiple of 78?
True
Is 137 a multiple of 5?
False
Does 12 divide 1560?
True
Is 60 a factor of 7648?
False
Does 2 divide 5247?
False
Does 17 divide 2755?
False
Does 124 divide 248?
True
Does 34 divide 9010?
True
Is 95 a factor of 5510?
True
Is 763 a multiple of 20?
False
Is 92 a factor of 2668?
True
Is 6 a factor of 732?
True
Does 2 divide 74?
True
Is 100880 a multiple of 97?
True
Is 2780 a multiple of 18?
False
Does 20 divide 200?
True
Is 21 a factor of 19219?
False
Is 4 a factor of 11992?
True
Does 20 divide 2022?
False
Is 20 a factor of 27062?
False
Is 9 a factor of 829?
False
Does 138 divide 2484?
True
Does 16 divide 1424?
True
Is 2577 a multiple of 13?
False
Does 13 divide 1703?
True
Is 162 a factor of 1735?
False
Is 18 a factor of 88020?
True
Does 5 divide 332?
False
Does 38 divide 5316?
False
Does 4 divide 632?
True
Does 9 divide 135?
True
Is 12 a factor of 2374?
False
Does 4 divide 268?
True
Is 10 a factor of 540?
True
Is 13 a factor of 988?
True
Is 22 a factor of 202?
False
Is 36 a factor of 936?
True
Does 32 divide 416?
True
Does 8 divide 1031?
False
Is 12 a factor of 22788?
True
Does 86 divide 2064?
True
Does 4 divide 22007?
False
Is 20 a factor of 20709?
False
Does 13 divide 1183?
True
Is 12 a factor of 196?
False
Does 10 divide 1540?
True
Is 218 a multiple of 10?
False
Does 20 divide 1840?
True
Is 5 a factor of 1660?
True
Is 74 a factor of 3790?
False
Is 40 a factor of 499?
False
Is 132 a factor of 32308?
False
Is 1635 a multiple of 20?
False
Does 5 divide 630?
True
Is 57 a factor of 3558?
False
Does 129 divide 47473?
False
Do